f 17?
True
Is 518 a factor of 590002?
True
Is 3 a factor of 53061?
True
Is 148792 a multiple of 7?
True
Is 59 a factor of 283969?
False
Does 10 divide 218040?
True
Does 316 divide 155969?
False
Does 141 divide 3757174?
False
Is 178 a factor of 17198388?
False
Does 16 divide 28000?
True
Is 13326 a multiple of 6?
True
Does 6 divide 173127?
False
Does 7 divide 242466?
True
Is 8154068 a multiple of 233?
True
Is 65 a factor of 329794?
False
Is 1144835 a multiple of 505?
True
Does 71 divide 84425?
False
Is 33 a factor of 3309130?
False
Is 2399334 a multiple of 147?
True
Is 64 a factor of 548608?
True
Is 22409 a multiple of 28?
False
Does 20 divide 2644489?
False
Is 11739 a multiple of 66?
False
Does 5 divide 1367153?
False
Is 471 a factor of 1394631?
True
Does 726 divide 2781968?
False
Does 19 divide 2195835?
False
Is 26 a factor of 1164768?
False
Is 484 a factor of 7141904?
True
Is 3231572 a multiple of 12?
False
Is 102 a factor of 3260053?
False
Does 188 divide 35532?
True
Does 67 divide 84152?
True
Is 13 a factor of 18421?
True
Is 79 a factor of 764117?
False
Is 7741892 a multiple of 874?
True
Is 89 a factor of 70043?
True
Is 438 a factor of 4593939?
False
Is 242 a factor of 231731?
False
Is 76 a factor of 78128?
True
Is 25596 a multiple of 6?
True
Does 31 divide 8571252?
True
Does 26 divide 188162?
True
Is 243 a factor of 507398?
False
Does 11 divide 406329?
True
Does 12 divide 1230684?
True
Is 70 a factor of 1269310?
True
Does 186 divide 347628?
False
Does 15 divide 2695052?
False
Is 40 a factor of 3105460?
False
Does 112 divide 1531995?
False
Does 18 divide 1596799?
False
Is 129 a factor of 4638582?
True
Is 26544 a multiple of 24?
True
Does 316 divide 1207198?
False
Is 511 a factor of 3529477?
True
Is 1388835 a multiple of 45?
True
Does 13 divide 187486?
True
Is 44 a factor of 308308?
True
Is 223674 a multiple of 14?
False
Is 98345 a multiple of 42?
False
Is 24 a factor of 252582?
False
Is 329 a factor of 3125529?
False
Does 19 divide 42883?
True
Is 1539069 a multiple of 83?
True
Is 21 a factor of 20628573?
True
Does 19 divide 287128?
True
Is 924296 a multiple of 19?
False
Is 4 a factor of 617632?
True
Is 7 a factor of 38891?
False
Does 180 divide 1853007?
False
Is 9 a factor of 11529?
True
Is 49 a factor of 38122?
True
Is 70 a factor of 996761?
False
Does 13 divide 129727?
True
Is 4199841 a multiple of 275?
False
Does 4 divide 50994?
False
Is 2442472 a multiple of 33?
False
Is 35 a factor of 1091339?
False
Is 645846 a multiple of 99?
False
Is 154350 a multiple of 12?
False
Is 2 a factor of 49337?
False
Does 468 divide 31356?
True
Is 1835673 a multiple of 427?
True
Is 69825 a multiple of 3?
True
Is 127 a factor of 1145667?
True
Is 185899 a multiple of 50?
False
Is 33594 a multiple of 25?
False
Is 268383 a multiple of 26?
False
Is 29 a factor of 158550?
False
Is 140 a factor of 1102220?
True
Is 331026 a multiple of 149?
False
Is 7235 a multiple of 8?
False
Is 6011110 a multiple of 14?
True
Does 1203 divide 1700317?
False
Does 5 divide 167676?
False
Does 566 divide 8264843?
False
Is 35 a factor of 2407510?
True
Is 51 a factor of 2742372?
True
Is 117642 a multiple of 51?
False
Is 43 a factor of 107113?
True
Does 4 divide 42480?
True
Does 300 divide 4758600?
True
Is 645176 a multiple of 287?
True
Is 117 a factor of 530712?
True
Is 8855 a multiple of 9?
False
Is 90096 a multiple of 24?
True
Is 14 a factor of 386990?
False
Does 37 divide 623265?
True
Is 77 a factor of 2152255?
False
Does 247 divide 322582?
True
Does 27 divide 2001924?
False
Does 653 divide 368292?
True
Does 378 divide 117180?
True
Does 13 divide 72540?
True
Is 29 a factor of 157769?
False
Does 22 divide 3169553?
False
Is 223 a factor of 18999?
False
Is 169 a factor of 352534?
True
Does 60 divide 1021455?
False
Does 279 divide 1551634?
False
Is 25 a factor of 784629?
False
Is 1012839 a multiple of 183?
False
Is 12 a factor of 277992?
True
Does 100 divide 4172053?
False
Is 469 a factor of 780416?
True
Does 20 divide 2967300?
True
Is 666495 a multiple of 45?
True
Is 4133176 a multiple of 34?
True
Does 39 divide 4043481?
True
Is 127 a factor of 88392?
True
Is 62 a factor of 521802?
False
Is 78624 a multiple of 273?
True
Does 6 divide 14520?
True
Is 1237109 a multiple of 131?
False
Is 2016 a multiple of 63?
True
Is 220549 a multiple of 232?
False
Does 49 divide 156968?
False
Is 355 a factor of 931945?
False
Is 7 a factor of 10753785?
True
Does 171 divide 287721?
False
Does 89 divide 269124?
False
Does 117 divide 138177?
True
Is 923995 a multiple of 5?
True
Does 79 divide 2885396?
True
Is 6 a factor of 438090?
True
Is 3339590 a multiple of 26?
False
Does 105 divide 1401282?
False
Is 18399 a multiple of 18?
False
Is 141 a factor of 3988445?
False
Does 35 divide 148355?
False
Does 134 divide 337780?
False
Does 61 divide 195993?
True
Is 7 a factor of 34827?
False
Is 13515336 a multiple of 19?
False
Is 267 a factor of 409053?
False
Is 24475 a multiple of 11?
True
Does 238 divide 2206918?
False
Does 268 divide 6232072?
True
Is 4 a factor of 31120?
True
Is 1046 a factor of 797746?
False
Is 6084 a multiple of 26?
True
Is 19 a factor of 65170?
True
Is 114 a factor of 10793976?
True
Is 103635 a multiple of 63?
True
Is 5381693 a multiple of 19?
True
Is 83 a factor of 437721?
False
Is 18 a factor of 6001524?
True
Is 62 a factor of 1339276?
False
Is 44 a factor of 916263?
False
Is 1551600 a multiple of 80?
True
Does 116 divide 882992?
True
Is 2802725 a multiple of 1056?
False
Does 19 divide 28964?
False
Does 93 divide 1017699?
True
Is 19 a factor of 815138?
True
Is 1033851 a multiple of 545?
False
Does 9 divide 981567?
True
Is 15 a factor of 690855?
True
Does 289 divide 231482?
False
Is 15348646 a multiple of 275?
False
Does 34 divide 1721161?
False
Does 8 divide 225816?
True
Is 675904 a multiple of 54?
False
Is 3 a factor of 12134?
False
Does 422 divide 1938246?
True
Is 848 a factor of 2086338?
False
Is 270563 a multiple of 248?
False
Is 362 a factor of 3200442?
True
Is 58704 a multiple of 12?
True
Does 50 divide 398487?
False
Is 105 a factor of 1927441?
False
Is 1141 a factor of 1035682?
False
Does 28 divide 4678044?
True
Is 124713 a multiple of 27?
True
Does 570 divide 7341030?
True
Does 5 divide 81844?
False
Is 30 a factor of 214678?
False
Is 62808 a multiple of 4?
True
Is 62220 a multiple of 20?
True
Does 83 divide 144727?
False
Is 1498341 a multiple of 534?
False
Is 3 a factor of 5553?
True
Is 243 a factor of 526902?
False
Does 29 divide 2668?
True
Is 11 a factor of 75124?
False
Is 15 a factor of 123087?
False
Does 6 divide 33478?
False
Does 304 divide 7682?
False
Is 29 a factor of 2208350?
True
Does 9 divide 1182772?
False
Does 5 divide 51610?
True
Does 159 divide 15135836?
False
Is 59334 a multiple of 93?
True
Does 338 divide 1340440?
False
Is 211 a factor of 39213?
False
Is 794460 a multiple of 13?
False
Is 257 a factor of 1448216?
False
Is 60 a factor of 840223?
False
Is 543532 a multiple of 242?
True
Is 709971 a multiple of 59?
False
Is 548 a factor of 6885072?
True
Does 18 divide 1105702?
False
Is 209 a factor of 473385?
True
Does 20 divide 9194137?
False
Is 35 a factor of 138005?
True
Does 289 divide 2881041?
True
Does 11 divide 18359?
True
Is 227858 a multiple of 6?
False
Is 1758 a factor of 5388270?
True
Is 227 a factor of 611084?
True
Does 8 divide 129864?
True
Does 100 divide 6470800?
True
Is 652 a factor of 1190893?
False
Does 51 divide 21624?
True
Is 30 a factor of 585991?
False
Is 170 a factor of 1504840?
True
Does 2 divide 119076?
True
Does 42 divide 550536?
True
Is 6008 even?
True
Is 58 a factor of 4313431?
False
Does 4 divide 26519?
False
Does 38 divide 191748?
True
Is 275194 a multiple of 9?
False
Is 527610 a multiple of 85?
False
Is 341766 a multiple of 9?
True
Is 427 a factor of 133224?
True
Is 10 a factor of 307480?
True
Does 5 divide 3247856?
False
Is 45628 a multiple of 22?
True
Is 10326 a multiple of 16?
False
Is 8768 a multiple of 16?
True
Is 10 a factor of 3926420?
True
Is 484525 a multiple of 25?
True
Is 152592 a multiple of 374?
True
Does 14 divide 3285198?
True
Is 571361 a multiple of 31?
True
Does 91 divide 117754?
True
Is 411168 a multiple of 8?
True
Is 42 a factor of 38702?
False
Is 5633059 a multiple of 1567?
False
Is 6528126 a multiple of 354?
False
Is 388